a prime number?
True
Is 61722743 a composite number?
False
Is 6985389 prime?
False
Is 40448363 composite?
True
Is 318481873 a composite number?
True
Is 1760467 prime?
True
Is 21011869 prime?
True
Is 615412559 a prime number?
True
Is 28770571 a composite number?
True
Is 9660971 prime?
False
Is 57869629 a prime number?
True
Is 227749 prime?
False
Is 139509133 prime?
True
Is 416616983 a composite number?
True
Is 1626431 a composite number?
False
Is 8547593 prime?
True
Is 433410799 prime?
True
Is 37139513 prime?
True
Is 4962389 prime?
True
Is 112611701 a composite number?
True
Is 1515791 composite?
False
Is 2148873 composite?
True
Is 134170957 prime?
True
Is 9022021 a composite number?
True
Is 47056157 a composite number?
False
Is 58948567 prime?
False
Is 488966743 a prime number?
True
Is 8454431 composite?
False
Is 7820861 a prime number?
False
Is 1412813 composite?
False
Is 85454339 composite?
False
Is 124005289 a prime number?
False
Is 282114161 prime?
False
Is 54696023 a composite number?
False
Is 2952877 prime?
False
Is 30346331 prime?
True
Is 6360379 composite?
False
Is 904503 a prime number?
False
Is 10486511 a composite number?
True
Is 1936967 composite?
True
Is 13901003 a prime number?
True
Is 398609349 a prime number?
False
Is 2799451 prime?
True
Is 128755754 composite?
True
Is 45245281 a prime number?
False
Is 33017761 composite?
True
Is 2780663 a prime number?
False
Is 6014347 composite?
False
Is 49541477 a composite number?
False
Is 48609607 prime?
True
Is 78728957 a prime number?
True
Is 78968677 composite?
False
Is 3164519 composite?
False
Is 842551 composite?
False
Is 149082055 composite?
True
Is 988339 prime?
False
Is 341829121 composite?
True
Is 4800811 composite?
False
Is 3929318 prime?
False
Is 57958741 prime?
True
Is 1187383373 composite?
True
Is 379393759 composite?
False
Is 5510747 a composite number?
True
Is 1660357 prime?
True
Is 904283 composite?
False
Is 30516481 prime?
True
Is 7076077 a prime number?
True
Is 34312363 prime?
True
Is 53107687 composite?
False
Is 10874069 prime?
False
Is 328956739 a composite number?
False
Is 8759407 a composite number?
False
Is 156926699 a composite number?
True
Is 1051129 composite?
True
Is 7903059 prime?
False
Is 2518859 composite?
True
Is 2486831 prime?
True
Is 13498193 a prime number?
False
Is 234431 prime?
True
Is 2847121 a prime number?
False
Is 115398973 composite?
True
Is 64553 a composite number?
False
Is 28518043 prime?
True
Is 349886 composite?
True
Is 198515 a composite number?
True
Is 4903111 a prime number?
True
Is 1753875335 a prime number?
False
Is 4510498 a composite number?
True
Is 77234617 prime?
True
Is 208894127 prime?
False
Is 177665097 a prime number?
False
Is 1040327 composite?
False
Is 4587662 a prime number?
False
Is 1324403 a composite number?
False
Is 4884119 a prime number?
False
Is 1685681 a prime number?
True
Is 620458591 composite?
True
Is 1808747 a prime number?
False
Is 3145715 a composite number?
True
Is 106241843 a prime number?
False
Is 1882403 composite?
False
Is 32964413 a prime number?
True
Is 8762051 prime?
True
Is 1238701 a composite number?
True
Is 3117839 a prime number?
False
Is 2226131 composite?
False
Is 362369914 prime?
False
Is 409739027 prime?
True
Is 9286859 a composite number?
False
Is 3981227 prime?
True
Is 71073349 prime?
True
Is 136514977 a composite number?
True
Is 1443709 prime?
True
Is 17291069 a composite number?
False
Is 334745863 a prime number?
True
Is 14403677 a composite number?
False
Is 2836321 a prime number?
True
Is 2459641 a prime number?
False
Is 73521977 a composite number?
True
Is 789779 composite?
True
Is 221891 a prime number?
True
Is 38174327 prime?
True
Is 2084359 composite?
False
Is 9045901 prime?
True
Is 432833 a composite number?
False
Is 77011 a composite number?
True
Is 47568431 composite?
True
Is 10170421 composite?
True
Is 3247331 a prime number?
True
Is 23689411 a prime number?
False
Is 9820263 composite?
True
Is 39742501 composite?
False
Is 2874601 a prime number?
False
Is 12498539 composite?
True
Is 4197763 a prime number?
True
Is 94291 a prime number?
True
Is 5791069 composite?
True
Is 3598537 a composite number?
True
Is 172084541 composite?
True
Is 4170581 a prime number?
False
Is 5285899 a prime number?
False
Is 30933667 composite?
False
Is 274010993 prime?
False
Is 2287057 a prime number?
True
Is 3215039 a prime number?
True
Is 29534143 a prime number?
True
Is 19359161 composite?
False
Is 112294709 a prime number?
False
Is 95757151 a composite number?
True
Is 53356057 composite?
False
Is 6964649 a prime number?
True
Is 460234063 composite?
True
Is 46027203 prime?
False
Is 12264961 prime?
True
Is 93100583 prime?
True
Is 44060101 a composite number?
False
Is 22899873 a composite number?
True
Is 211801 composite?
False
Is 3694641 prime?
False
Is 55340101 a composite number?
False
Is 19874573 prime?
True
Is 18858577 composite?
True
Is 16788197 a composite number?
True
Is 2717027 composite?
False
Is 14328077 composite?
False
Is 25254001 a prime number?
True
Is 706523 a prime number?
True
Is 24971047 a prime number?
False
Is 50023003 prime?
False
Is 43972505 composite?
True
Is 378779 a composite number?
False
Is 46968647 a prime number?
False
Is 819397 composite?
True
Is 115035223 prime?
False
Is 19830199 a prime number?
False
Is 16926671 a prime number?
False
Is 6225299 composite?
False
Is 15432559 composite?
True
Is 164580037 composite?
False
Is 189290491 prime?
False
Is 152766953 a prime number?
True
Is 5960473 composite?
True
Is 163001747 composite?
False
Is 44030767 a prime number?
False
Is 405013 a prime number?
False
Is 1500019 a prime number?
True
Is 140778491 composite?
True
Is 1628621 prime?
True
Is 39479731 prime?
True
Is 24223621 prime?
True
Is 20097901 a prime number?
True
Is 320923571 a prime number?
True
Is 50185543 prime?
False
Is 174862507 composite?
False
Is 104125433 composite?
False
Is 3657701 composite?
True
Is 39097291 composite?
False
Is 67605193 composite?
False
Is 1524241 a composite number?
False
Is 164669521 a composite number?
True
Is 114822731 a prime number?
True
Is 12653007 prime?
False
Is 12921833 a prime number?
True
Is 1145657 composite?
True
Is 3531079 a composite number?
False
Is 3976043 a composite number?
False
Is 278552551 a prime number?
True
Is 118802221 a prime number?
False
Is 18037757 a prime number?
False
Is 236485823 a prime number?
False
Is 1423437 composite?
True
Is 586919461 composite?
True
Is 2404617 a prime number?
False
Is 6029791 composite?
False
Is 12492517 a composite number?
True
Is 7058869 prime?
False
Is 2076161 a composite number?
False
Is 462095807 prime?
True
Is 686353 composite?
False
Is 5210213 prime?
False
Is 3383357 composite?
True
Is 13489909 composite?
False
Is 16917191 prime?
False
Is 14858419 a prime number?
False
Is 15897929 a composite number?
False
Is 16754737 composite?
False
Is 29571161 a composite number?
True
Is 5383151 a composite number?
False
Is 807962627 a composite number?
False
Is 782713297 composite?
False
Is 36636157 composite?
True
Is 1193653 a prime number?
True
Is 38404013 prime?
True
Is 370132799 composite?
True
Is 1162139 a composite number?
True
Is 24362549 prime?
True
Is 22030406 prime?
False
Is 7229503 prime?
False
Is 4183177 prime?
True
Is 427615 composite?
True
Is 177000469 a composite number?
False
Is 3340277 a composite number?
False
Is 6720173 a composite number?
False
Is 23265273 a prime number?
False
Is 3259429 a prime number?
True
Is 3235291 prime?
False
Is 2175529 a prime number?
True
Is 1957097 a prime number?
True
Is 37682051 prime?
False
Is 181511723 prime?
True
Is 3757777 a prime number?
True
Is 30484141 prime?
True
Is 28485659 a prime number?
False
Is 358586911 prime?
True
Is 106483441 a composite number?
False
Is 10636391 a composite number?
True
Is 14961 a composite number?
True
Is 4180243 a composite number?
False
Is 2994815 a composite number?
True
Is 3264499 a prime number?
False
Is 53995 a composite number?
True
Is 95018965 a composite number?
True
Is 250995247 a prime number?
False
Is 49744693 a prime number?
False
Is 27878637 composite?
True
Is 1604231 a prime number?
True
Is 11490239 a composite number?
True
Is 2552203 prime?
False
Is 3681917 a prime number?
True
Is 2435399 composite?
True